5 + 3594f3a?
3594f3f
In base 12, what is 91 + -30380?
-302ab
In base 6, what is 1551150 - 4055?
1543051
In base 14, what is 1c2 - -11b1?
1393
In base 7, what is -52206544 - 14?
-52206561
In base 12, what is 269b35 - 9b?
269a56
In base 9, what is 0 + -120182324?
-120182324
In base 4, what is 1 + 10032130223?
10032130230
In base 14, what is 49b8 + 5001?
99b9
In base 9, what is 34 - -14348125?
14348160
In base 11, what is -62918 + 4654?
-59274
In base 2, what is 1111 - -111000000101110100?
111000000110000011
In base 16, what is -547323e + 2?
-547323c
In base 6, what is 303114144 - -1?
303114145
In base 6, what is -15433525 - 3?
-15433532
In base 16, what is 227672 - 2?
227670
In base 14, what is -5 - c7ad92?
-c7ad97
In base 12, what is 434 - -1a9418?
1a9850
In base 9, what is -250411 - 2116?
-252527
In base 10, what is 584 - -21592?
22176
In base 14, what is -45 + 8492?
844b
In base 8, what is -516735 - -22?
-516713
In base 7, what is 21416 + -4554?
13532
In base 16, what is 3c532d + 5?
3c5332
In base 16, what is -4ee26 - 3e?
-4ee64
In base 14, what is -c87b + -2564?
-11001
In base 15, what is 3beb58 + -1a?
3beb3d
In base 5, what is 21221442422 + -121?
21221442301
In base 11, what is 1 - -1271451?
1271452
In base 5, what is -2431411301 - 10?
-2431411311
In base 6, what is -1210302425 + -2?
-1210302431
In base 7, what is 114322623246 - 4?
114322623242
In base 9, what is -3116070 - 203?
-3116273
In base 8, what is 105760213 - -5?
105760220
In base 16, what is d - 17dbd?
-17db0
In base 12, what is 717a958 + 1b?
717a977
In base 9, what is 51265648 + 2?
51265651
In base 14, what is -826 + -2365d?
-24085
In base 9, what is 17 - -32615281?
32615308
In base 2, what is 110000110000101110 + -1100001?
110000101111001101
In base 10, what is -2999 - 5478?
-8477
In base 9, what is -73064510 - -4?
-73064505
In base 9, what is -87238 + 13?
-87225
In base 14, what is -56bb65 - 2?
-56bb67
In base 6, what is -152 - -3300343?
3300151
In base 9, what is -40533 - 253?
-40786
In base 14, what is 1d7030 - -a?
1d703a
In base 4, what is -231212100 + 113?
-231211321
In base 13, what is -c5b37a + 33?
-c5b347
In base 15, what is -19d + -b5?
-263
In base 13, what is 27 + 24786?
247b0
In base 2, what is 10111011010000000110011 + 111?
10111011010000000111010
In base 5, what is 12 + 441034314?
441034331
In base 15, what is -d3b1b9 + 4?
-d3b1b5
In base 12, what is -11b025 - 3?
-11b028
In base 3, what is 101111000 - 122111?
100211112
In base 15, what is 6 - 5b480a2?
-5b4809b
In base 10, what is -204016 - 15?
-204031
In base 15, what is 1 + -462754?
-462753
In base 16, what is -152c - 80c?
-1d38
In base 7, what is -3 + -11036630?
-11036633
In base 3, what is -100102220012 - -111?
-100102212201
In base 15, what is -1e5 + -5c5ce?
-5c7c4
In base 10, what is 5 + 23932651?
23932656
In base 11, what is 1 + -5589029?
-5589028
In base 2, what is -11100000010100001010100001 - 10110?
-11100000010100001010110111
In base 6, what is -1 - 122155312?
-122155313
In base 8, what is -64265 + -6336?
-72623
In base 6, what is -3 + 13521425513?
13521425510
In base 6, what is 30 + -1332435512?
-1332435442
In base 8, what is -16347 - 10110?
-26457
In base 7, what is -3365 - 600326?
-604024
In base 11, what is 71993 + 687?
7256a
In base 4, what is -20 - -2121320033011?
2121320032331
In base 13, what is bb26 + 518?
c341
In base 10, what is 55931 + 4021?
59952
In base 16, what is 1502 + 4dc?
19de
In base 8, what is -37662 - 54237?
-114121
In base 12, what is -1206bb2 - -5?
-1206ba9
In base 5, what is -32 + 2113344212?
2113344130
In base 13, what is 2 - -37274284?
37274286
In base 7, what is 21 - -163113323?
163113344
In base 9, what is 1184072067 + 3?
1184072071
In base 13, what is 577 - -2968?
3212
In base 2, what is 1010 + -10100101000100011?
-10100101000011001
In base 11, what is 22 - 6519364?
-6519342
In base 9, what is 12 - -35704836?
35704848
In base 8, what is -234 + 753711?
753455
In base 9, what is 6732 - 255?
6466
In base 8, what is -740432 + -2527?
-743161
In base 4, what is -323012110310022 - 1?
-323012110310023
In base 6, what is 132553 - 10532?
122021
In base 16, what is fce1 + -df7?
eeea
In base 2, what is 101 - -11010100101010110001110011?
11010100101010110001111000
In base 14, what is -4 + -c34a56?
-c34a5a
In base 13, what is 3 + -383b2b?
-383b28
In base 3, what is -121021202012022121 - -1?
-121021202012022120
In base 8, what is -14124317 - 1?
-14124320
In base 9, what is 160040 + -105?
158834
In base 9, what is -116 + -306038?
-306155
In base 2, what is -1 + -1000001111000000110101110100?
-1000001111000000110101110101
In base 9, what is -5 + -241361838?
-241361844
In base 14, what is 4d45 + -c8d?
4096
In base 13, what is 13081046 - -4?
1308104a
In base 5, what is -20001323310 + 10?
-20001323300
In base 7, what is 14340413 + 0?
14340413
In base 6, what is -2334125233 + 1?
-2334125232
In base 14, what is -ad + 2607?
2538
In base 2, what is 10011000001011 - 1000000101?
10010000000110
In base 8, what is 52 - -14274?
14346
In base 8, what is 27125 + 2334?
31461
In base 6, what is 3 - 203314210?
-203314203
In base 9, what is 3448780 - -70?
3448860
In base 13, what is 5 - 2580894?
-258088c
In base 10, what is 8873047 - 5?
8873042
In base 3, what is 11 + 11111212111202?
11111212111220
In base 6, what is 2254 - 22243403?
-22241105
In base 13, what is -7 + 4a943b?
4a9434
In base 11, what is -121553a31 - -5?
-121553a27
In base 7, what is -120413116 - 4?
-120413123
In base 7, what is 23662 + -1?
23661
In base 7, what is 126650 + -1562?
125055
In base 11, what is -10 + 390413?
390403
In base 10, what is 468 + 1152157?
1152625
In base 15, what is 38a2 - 3b00?
-24d
In base 6, what is -101424512 + -23?
-101424535
In base 3, what is -120101120121222021 + 12?
-120101120121222002
In base 5, what is 12242323100 + 10?
12242323110
In base 2, what is 10111101011100100110 - -111110?
10111101011101100100
In base 8, what is 10060172 - 5?
10060165
In base 15, what is c15 - c0?
b45
In base 14, what is 4d7a63 - 4?
4d7a5d
In base 7, what is -2320460464 - -3?
-2320460461
In base 7, what is 2001525241 + -5?
2001525233
In base 6, what is 1333555 + 400?
1334355
In base 6, what is 1152154335 + -3?
1152154332
In base 13, what is 44618c + -7?
446185
In base 13, what is -163 - 1a980?
-1ab13
In base 4, what is -1102323 + -1001303?
-2110232
In base 12, what is -29b0 - 310b?
-5abb
In base 10, what is -4453 - 558?
-5011
In base 7, what is -140 - 215122?
-215262
In base 13, what is 2217 - -732a?
9544
In base 8, what is 556 + 221502?
222260
In base 3, what is 100220112 + 11102200112?
11210121001
In base 12, what is 1036 + -2261?
-1227
In base 5, what is 2234101130 + -102?
2234101023
In base 3, what is -221201212022010 - -1?
-221201212022002
In base 4, what is 3 + 1033032220333?
1033032221002
In base 6, what is -20 + 4153221340?
4153221320
In base 10, what is -136848 - -24?
-136824
In base 7, what is 0 - -103406561?
103406561
In base 7, what is -5 - 11201004663?
-11201005001
In base 4, what is -100320003 - 103?
-100320112
In base 11, what is 7554 - 167?
7398
In base 9, what is 1 + 3737550?
3737551
In base 9, what is -156 + 28365?
28208
In base 3, what is 1122122021002022 + 1?
1122122021002100
In base 16, what is -26f656 - ea?
-26f740
In base 4, what is -101 - 233322313?
-233323020
In base 14, what is 6d18153 - -1a?
6d1816d
In base 4, what is -33121 + -211222313?
-211322100
In base 15, what is -74005a8 - -3?
-74005a5
In base 7, what is 145 + 1140036?
1140214
In base 15, what is 8 + -1e9d13?
-1e9d0a
In base 11, what is -155169489 + -5?
-155169493
In base 12, what is -141b1 - 3465?
-17656
In base 15, what is -258500 + -76?
-258576
In base 10, what is -69817440 + -5?
-69817445
In base 10, what is 81678 + 893?
82571
In base 11, what is 145 + -268785?
-268640
In base 6, what is -243112 - 334?
-243450
In base 9, what is 254452 - -15?
254467
In base 15, what is 351890 + -27?
351868
In base 2, what is 11 - 10010011100010011111?
-10010011100010011100
In base 14, what is 19910d4 + -14?
19910c0
In base 2, what is 1001010011010000111110 + -100001?
1001010011010000011101
In base 7, what is -3 - 344323511?
-344323514
In base 8, what is 6 - 103156310?
-103156302
In base 13, what is -5 - 3a2096?
-3a209b
In base 5, what is -122200001 - 20431?
-12